(-6 + 4 - -3 - 0)?
-2
What is -5 - (22 + (16 - 16) - 12) - -69?
54
Calculate 21 - (6 + (-6 - 2) + -8) - -3.
34
What is (0 - -13) + (21 + -51 - -18) - -50?
51
-63 - (-38 + 52 + -61) - ((2 - 3) + 57)
-72
What is the value of -25 + -1 + -18 + ((-14 - -16) + 14 - 0)?
-28
What is -89 + 85 - (3 + 1 - (25 - 18)) - 0?
-1
What is 0 + -6 + (10 + -20 - 20 - -63)?
27
Calculate -20 + 27 - (1 - 8) - (-26 + (-10 - -30)).
20
Evaluate -66 + (-40 - -123) + 48.
65
Evaluate -321 + 386 + (6 + -5 + -4 - 0).
62
(-8 - -42) + -9 + (3 - 3) + (0 - -7)
32
What is -39 + 85 + -60 - (-6 + 104 + 0)?
-112
Evaluate 5 - (-11 - (42 - 47)).
11
94 + -112 - (0 - -22)
-40
-16 - -3 - (-8 + 3 + -6 + 51)
-53
What is (-4 - (-13 - -11)) + (1 - (-11 + 8))?
2
Evaluate (3 + -1 - (-197 + 210)) + 22.
11
What is -28 + 0 + 2 - (-20528 - -20549)?
-47
Calculate (33 - -1) + (-106 - (-107 + 10)).
25
What is the value of (48 - 64) + 71 + 5?
60
What is -2 + 0 + (1 - 19) + -36 + 48 - 51?
-59
What is -127 + 23 - (-13 + 2 + -69 + 58)?
-82
37 - (52 + -26) - (38 - 0) - -1 - 8
-34
(-136 - -70 - -49) + 1 + 68
52
What is the value of (-42 + 39 - -9 - (-19 + 0)) + -8?
17
What is the value of 44 + (8 - 49) - (18 + 1)?
-16
Evaluate 28 - (-6 - (-38 + 75 - 7)).
64
(-49 - (-23 - 10)) + 51
35
16 - (38 + -39 + -7 + -1 - 8)
33
-65 - (-7 + (-77 - -51))
-32
What is 98 + (-18 - (1 - -5)) + -8?
66
What is 4 + (-45 - -34 - -19) + -27?
-15
What is 139 + -204 + 43 + -14?
-36
Calculate 53 + 16 + -12 + 0 + -12.
45
What is 25 - 7 - (0 + -2 + 2 - (35 - 27))?
26
Calculate 8 + (186 - 232) - (1 - (4 + (0 - 1))).
-36
-62 - (59 + -126) - (-5 + 3 + 3)
4
Calculate 7 + 39 + (-115 - -7).
-62
Calculate 35 - (119 - 64) - (-16 + -3).
-1
Evaluate (-48 - 0) + 1501 + -1473.
-20
-8 + 31 + (-135 - -124) - 26
-14
Evaluate (3 + -2 - -2) + -1666 + 1662.
-1
What is the value of -19 - (14 + -1 - (698 + -661))?
5
What is -7 + 3 + -3 + 13 + -10 + 13 + 105?
114
Evaluate -27 - 0 - (-17 - -21) - ((11 - 1) + -10).
-31
Calculate (25 - 9) + -20 + -10 + -5.
-19
What is the value of -4 + (5 - (-71 + 1 + 15 - 19))?
75
(-1 + -5 - 1) + (15 + -1 - (90 - -9))
-92
Evaluate -29 + (-5 - 19) - (-15 - (-10 + 6)).
-42
-75 + (3 - 2) + -10171 + 10202
-43
Calculate 5 - ((-8 - 17) + 38) - (5 + -5 + -119).
111
Evaluate (4 + -19 - (-49 - -36)) + 28.
26
Calculate 2 + (7 - 8) - 33 - (6 - 2).
-36
Evaluate 50 - (-45 - (-83 + -20)).
-8
Evaluate 68 + -53 - 4 - -37.
48
Calculate -36 - (110 + -123) - (1 - -7).
-31
Calculate (-11 - (-10 + -3)) + 13 - 15.
0
What is the value of -40 + (25 - (11 + -9 + 17 + -6))?
-28
What is 31 - ((22 - -25) + -29) - (24 - 1)?
-10
(84 - 56) + (15 - 81) + 5 + 1
-32
(-65 - (-5 + 2)) + 12 + (-24 - -23 - 4)
-55
What is the value of -12 + 5 - (-27 - 8) - (3 + -7)?
32
What is -31 - (75 - 44) - 23?
-85
What is the value of -8 + (89 + -50 - 21 - (0 + 14)) + -115?
-119
-41 + 2 - (-298 + 62 - -202)
-5
Calculate -9 + -1 + (3 + -28 - -36).
1
What is the value of (57 + -64 - 85) + -16?
-108
What is the value of -48 + (-28 + 6 - -11) + (31 - 8)?
-36
Calculate (69 - 24) + -69 - (-38 + 64).
-50
What is the value of 16 - (82 - (36 + 55))?
25
(13 - (-11 - (-11 - -9) - -10)) + 9
21
Calculate 3 + 28 + 3 + 616 + -646.
4
53 + (-84 - (12 - 2))
-41
What is the value of -22 - (13 - -7 - (-18 + 27))?
-33
What is 41 - (-50 + 78) - 5?
8
What is -6 - ((14290 - 14219) + (-2 - -1 - (-12 - 0)))?
-88
33 + -2 + (-7 - (-3 - -7)) + -121
-101
What is the value of 65 - 351 - -92 - -102?
-92
What is the value of 22 - 12 - ((1 - -89) + 93 + -90)?
-83
-52 - -31 - 132 - -45
-108
What is the value of (50 - (-6 + 16) - 8) + 12?
44
What is (4 - ((3 - (-11 + 12)) + 9 + -1)) + -49?
-55
Calculate (9 - (-6 - -18)) + (-83 - ((1 - -4) + -9)).
-82
What is (265 - 222) + -58 + -21?
-36
Evaluate -9 - (1 - -3 - (-37 + 45)).
-5
124 - 111 - (5 + -3 + -8)
19
Evaluate -36 - (-1 + 2 + -9 + -27 + (34 - -11)).
-46
What is (1703 - 1720) + (2 - 5)?
-20
What is 189 - 114 - 85 - (53 - (3 + -2))?
-62
Calculate (-3 + 16 - 28) + (-5 - (-4 + 2)).
-18
What is the value of -2 + -1 - 1 - ((-3 + -7 - -19) + -10)?
-3
Evaluate 0 + (-10 + -1 - (1 + (-20 - -40) - -2)).
-34
Calculate 48 + (-55 - (-23 + 45)).
-29
What is 38 + (-13 + 10 - (1 - (-6 + 12)))?
40
Evaluate 14 - (55 + 42 + -22 + -43).
-18
What is -11 + -22 + (88 - (-15 + 8)) + 13?
75
Evaluate -20 - (-2 + 1 + (-52 - -14)).
19
Evaluate -59 + (2 - 21 - (-108 - -96)) + (12 - -2).
-52
-26 + (2 - 20) + (20 + -30 - -18)
-36
What is (96 - (-24 - -23 - 3)) + (5 - (-1 - -16))?
90
Calculate 11 - (-9 + (14 - (0 + 12) - -23)).
-5
(2 - -13 - 10 - -7) + 63 - (1 + 2)
72
What is -4 + -4 + 5 + (35 - 17)?
15
What is the value of 79 - 13 - (350 + -250)?
-34
Calculate 91 + 16 + -77 + -31.
-1
What is the value of -51 + 26 + -19 + 22 + 0 + -15?
-37
Evaluate -127 - (18 - (111 + -9)).
-43
Evaluate -52 + -7 + 20 + -17 - (1 + -17).
-40
What is the value of -2 + (0 - -5) + -23 + 34 + (-23 - -105)?
96
What is -38 - (-9 + 40 + -61)?
-8
What is the value of (-124 - -21) + 173 + -169?
-99
What is 114 - (-11 + (63 + 7 + -54 - (-1 - 0)))?
108
What is the value of -15 + -14 + 29 + (-2 + 82 - (-16 - -11))?
85
Evaluate (-33 - (-40 + 18)) + -1 + 3 - (4 - 9).
-4
What is (-1 - (-29 + 28)) + 12 - (13 - -1)?
-2
-28 + 11 + 8 + -46 + -4 + -2 + -4
-65
64 - (-51 + -49 + 150)
14
What is the value of (-8 - -29) + -5 + -25 - (-3 - 0)?
-6
Calculate 55 + -20 + (3 + -6 - (-20 - -22)).
30
Calculate -7 - 57 - (-4 + 6 + 9) - (2 + 9).
-86
What is 24 - ((3 - -2) + (7 - (12 + -13)))?
11
What is 10 - 4 - (2 + 13 + -25 - -21) - 26?
-31
Calculate (3 - -2) + -78 + (-16 - -18).
-71
What is the value of -7 + 1 - ((3 - (15 - 16)) + -21)?
11
Evaluate -23 + (-1 + 1 - (-21 + 42) - 33).
-77
29 + -5 + 9 + (-22 - 115)
-104
Evaluate 43 + (-10 - (-5 + 8) - 1) + (0 - 3).
26
Evaluate -19 - (-10 - (-6 - 5)) - (-7 + 0 + -1).
-12
What is 101 + -4 - (-28 - -66 - (23 - -3))?
85
(68 - (52 + (-79 - -109))) + (-1 - (1 - 44))
28
What is (35 - (-3 - -6 - -2)) + -15?
15
Calculate (5 - (-6 - -4)) + -18 + 23 + -5.
7
((-8 - (-23 - -5)) + -11 - -5) + -27
-23
Calculate 1 - 13 - (-126 - -113) - (-11 + -5 - -1).
16
10 - ((0 + -2 - -60) + -29 + 10 + 7)
-36
Calculate -2 - -50 - (0 - (-34 - -15)).
29
What is 786 + -687 - ((0 - 3) + 30)?
72
8 - (1 - ((-6 - -1) + 157 + -162))
-3
Evaluate 87 - (-2 - (-51 + (32 - 18))).
52
What is 29 - (-29 - (-27 + -22 + -13))?
-4
(-1 - 86) + (-27 + 10 - -12) - (98 - 107)
-83
Evaluate 51 - (8 - (1 - ((-3 - -5) + 48 + -57))).
51
What is (-61 - 1) + (205 - 189) + (-13 - (4 - 2))?
-61
(-3 + 49 - 74) + 65
37
What is 45 - (4 + 7) - 37 - 21?
-24
What is the value of -2 + (4 - -5) - (4 - ((13 - 10) + -20))?
-14
-82 - 44 - -97 - (2 + -30)
-1
Evaluate (10 - -1) + (6 + 23 - 73).
-33
What is the value of -56 - (-30 + 3 + -63)?
34
What is (-64 + 29 - -43) + 0 + -14?
-6
Evaluate -20 + 41 + -17 + (-10 - -11 - 15) + 119.
109
Evaluate -59 - 2 - -24 - 27.
-64
Evaluate -387 - -223 - -205 - (-28 + -1).
70
Calculate 13 - (0 + 3 + 1 + 40 + -44).
13
Calculate -46 + (28 - 17 - -28).
-7
What is the value of (-94 - 1) + (-3 + 20 - (-129 + 149)) - 3?
-101
What is the value of (-82 - (-127 + 77)) + 55?
23
-7 + 8 + 9 - -32
42
Calculate -15 + (21 - (-43 + -8 + 11)) - -12.
58
25 - -3 - (-29 - -80 - 2)
-21
What is 40 - 38 - (34 - -79)?
-111
Calculate -11 - ((1 - 11 - (371 + -260)) + (-11 - -17)).
104
What is -13 + -5 + -438 + 425 - (-16 - 1)?
-14
Calculate 17 - (-37 - (140 - 91)).
103
Evaluate 2 - (-2 - (-23 + 2)) - (194681 + -194797).
99
What is the value of (0 - (-72 - -21)) + -34?
17
What is (-6 - 22) + 6 - (-7 + -79)?
64
-37 + 12 + 20 + -30
-35
Calculate -58 - (-5 - -6 - (4 - -12)).
-43
What is -31 - (-69 - -29) - 67?
-58
9 + 32 + -20 - 15 - (1 + 34)
-29
42 - (-3 + 5 + -1) - (46 - 38)
33
21 - ((10 - -6) + -13 + -1 + -7)
26
Calculate -11 + (21 - 4 - 23) - -60.
43
What is the value of -89 + 0 + (31 - (11 + 18 - 4)) + 7?
-76
What is ((-13 - 5 - -29) + -1 - (19 - 0)) + 54?
45
Evaluate -35 - (-41 + 10) - 16.
-20
Evaluate 22 + -13 + -36 + 36 + 82.
91
Evaluate -15 - (30 - (11 + 54)).
20
What is 19 - (-17 - (19 - 57))?
-2
What is the value of 19 + -1 + -15 + 14 + -21 + 31 + -5?
22
Calculate 15 + (3 - 17) + 0 + -6 + -81.
-86
Evaluate (-28 - -50 - (17 - -2)) + -71.
-68
Evaluate 129 + -200 - ((-3 - -5) + -9 + -1).
-63
Calculate -10 - (8 + -12 - 6) - (15 - (2 - -1)).
-12